{"id":101,"date":"2020-03-12T08:28:40","date_gmt":"2020-03-12T08:28:40","guid":{"rendered":"https:\/\/usep.cloudligue56.fr\/?page_id=101"},"modified":"2023-07-20T12:51:59","modified_gmt":"2023-07-20T12:51:59","slug":"delegues-de-secteurs","status":"publish","type":"page","link":"https:\/\/usep.laligue56.org\/?page_id=101","title":{"rendered":"D\u00c9L\u00c9GU\u00c9S DE SECTEURS"},"content":{"rendered":"\n<p>Face au fort d\u00e9veloppement de l&rsquo;Usep et \u00e0 la n\u00e9cessit\u00e9 de structuration, la direction Acad\u00e9mique du Morbihan a accept\u00e9 depuis 2010 le principe de d\u00e9signation de r\u00e9f\u00e9rents locaux Usep.<\/p>\n\n\n\n<p>Pour rappel, le projet de mandature de l&rsquo;Usep du Morbihan pr\u00e9voit \u00e0 moyen terme que chaque association Usep puisse organiser ou co-organiser avec son secteur au moins une rencontre locale afin d&rsquo;\u00e9viter la participation des associations Usep aux seules rencontres organis\u00e9es par le niveau d\u00e9partemental.<\/p>\n\n\n\n<p><strong>Qu&rsquo;est-ce qu&rsquo;un d\u00e9l\u00e9gu\u00e9 de secteur USEP ?<\/strong><\/p>\n\n\n\n<p>Ces d\u00e9l\u00e9gu\u00e9s sont selon les situations :<br>&#8211; soit d\u00e9l\u00e9gu\u00e9 Usep g\u00e9ographique en zone rurale, couvrant plusieurs \u00e9coles ou RER et plusieurs cycles.<br>&#8211; soit d\u00e9l\u00e9gu\u00e9 Usep par cycle comme cela pourrait \u00eatre le cas en zone urbaine (exemple Lorient centre : d\u00e9l\u00e9gu\u00e9 cycle 1, d\u00e9l\u00e9gu\u00e9 cycle 2, d\u00e9l\u00e9gu\u00e9 cycle 3).<\/p>\n\n\n\n<p><strong>Les missions :<\/strong><br>&#8211; Gestion \/ Construction du secteur Usep avec une r\u00e9union de secteur en d\u00e9but d&rsquo;ann\u00e9e (avec assistance possible des permanents ou \u00e9lus Usep) : pr\u00e9sentation du guide de rentr\u00e9e et des actions propos\u00e9es, et pr\u00e9paration de la mise en place de rencontre(s) de secteur (calendrier, th\u00e9matique, principes d&rsquo;organisation et r\u00e9partition des t\u00e2ches)<\/p>\n\n\n\n<p>&#8211; Coordination au sein du secteur Usep avec les \u00e9coles ou classes concern\u00e9es, en lien avec le CPC EPS de la circonscription<\/p>\n\n\n\n<p>&#8211; Lien privil\u00e9gi\u00e9 avec les permanents du Comit\u00e9 d\u00e9partemental Usep<\/p>\n\n\n\n<p>&#8211; Invitation \u00e0 participer aux r\u00e9unions du Comit\u00e9 Directeur Usep 56<\/p>\n\n\n<div class=\"wp-block-image\">\n<figure class=\"aligncenter size-large is-resized\"><img loading=\"lazy\" decoding=\"async\" src=\"https:\/\/usep.laligue56.org\/wp-content\/uploads\/2022\/03\/bonhomme_micro-693x1024.png\" alt=\"\" class=\"wp-image-923\" width=\"267\" height=\"395\" srcset=\"https:\/\/usep.laligue56.org\/wp-content\/uploads\/2022\/03\/bonhomme_micro-693x1024.png 693w, https:\/\/usep.laligue56.org\/wp-content\/uploads\/2022\/03\/bonhomme_micro-203x300.png 203w, https:\/\/usep.laligue56.org\/wp-content\/uploads\/2022\/03\/bonhomme_micro-768x1135.png 768w, https:\/\/usep.laligue56.org\/wp-content\/uploads\/2022\/03\/bonhomme_micro-1039x1536.png 1039w, https:\/\/usep.laligue56.org\/wp-content\/uploads\/2022\/03\/bonhomme_micro-1385x2048.png 1385w\" sizes=\"(max-width: 267px) 100vw, 267px\" \/><\/figure><\/div>","protected":false},"excerpt":{"rendered":"<p>Face au fort d\u00e9veloppement de l&rsquo;Usep et \u00e0 la n\u00e9cessit\u00e9 de structuration, la direction Acad\u00e9mique du Morbihan a accept\u00e9 depuis 2010 le principe de d\u00e9signation de r\u00e9f\u00e9rents locaux Usep. Pour rappel, le projet de mandature de l&rsquo;Usep du Morbihan pr\u00e9voit \u00e0 moyen terme que chaque association Usep puisse organiser ou co-organiser avec son secteur au [&hellip;]<\/p>\n","protected":false},"author":1,"featured_media":0,"parent":0,"menu_order":0,"comment_status":"closed","ping_status":"closed","template":"","meta":{"footnotes":""},"class_list":["post-101","page","type-page","status-publish","hentry","post"],"_links":{"self":[{"href":"https:\/\/usep.laligue56.org\/index.php?rest_route=\/wp\/v2\/pages\/101"}],"collection":[{"href":"https:\/\/usep.laligue56.org\/index.php?rest_route=\/wp\/v2\/pages"}],"about":[{"href":"https:\/\/usep.laligue56.org\/index.php?rest_route=\/wp\/v2\/types\/page"}],"author":[{"embeddable":true,"href":"https:\/\/usep.laligue56.org\/index.php?rest_route=\/wp\/v2\/users\/1"}],"replies":[{"embeddable":true,"href":"https:\/\/usep.laligue56.org\/index.php?rest_route=%2Fwp%2Fv2%2Fcomments&post=101"}],"version-history":[{"count":3,"href":"https:\/\/usep.laligue56.org\/index.php?rest_route=\/wp\/v2\/pages\/101\/revisions"}],"predecessor-version":[{"id":1428,"href":"https:\/\/usep.laligue56.org\/index.php?rest_route=\/wp\/v2\/pages\/101\/revisions\/1428"}],"wp:attachment":[{"href":"https:\/\/usep.laligue56.org\/index.php?rest_route=%2Fwp%2Fv2%2Fmedia&parent=101"}],"curies":[{"name":"wp","href":"https:\/\/api.w.org\/{rel}","templated":true}]}}